the tens digit of x(n)?
1
Let q(m) = m**2 - 66*m + 101. Let d be q(25). What is the thousands digit of ((-508)/(-6))/((-44)/d)?
1
What is the units digit of (832 + 1)*(3 + 36 - 11)?
4
Suppose -111*d + 11*d + 1655774 = -2019626. What is the tens digit of d?
5
Let o(i) = i + 7. Let n be o(0). Suppose 5311 = 8*k + 5351. What is the units digit of ((-77)/2)/n*10/k?
1
Let u(z) = -20*z**2 - 1796*z + 44. What is the thousands digit of u(-88)?
3
Suppose 0 = 144*i + 102015 - 5141151. What is the ten thousands digit of i?
3
Let f(n) = 30 + 20 + n**3 + 2*n**2 - 31*n + 0*n**3 - 12. What is the units digit of f(8)?
0
Let m(c) = -c**3 + 26*c**2 - c + 24. Let h be m(26). Let v(o) = -432*o - 18. What is the hundreds digit of v(h)?
8
Let n(a) = 10*a**2 + 3 + 0 + 10*a**2 - 2 - a**3 - 4 - 34*a. What is the hundreds digit of n(10)?
6
Suppose 2*x = 6*x - c - 27, 0 = c - 1. Let r(y) = -x - 2*y - 29*y - 13*y. What is the units digit of r(-2)?
1
Let c be (-16)/(-48)*2*3. Let d(g) = -c*g + 55 - g - 52. What is the units digit of d(-20)?
3
Let q be 1/(-2)*(9 + -447). Suppose -5*o - 49 = -q. What is the units digit of o?
4
Suppose -103*v + 540 = -108*v. What is the units digit of 4/(-3) + (-117)/v*244?
3
Let z be 6*1/(-4 - -5). Suppose z = -3*s + 3, -4*b + 3*s = -19. Suppose b*w + 0 = 36. What is the units digit of w?
9
Suppose 48*k - 55455 = 155217. Suppose 0 = 2*y - 23*y + k. What is the hundreds digit of y?
2
Let w(x) = x**3 - 33*x**2 - 71*x + 25. Let m be w(35). What is the hundreds digit of (-8)/m + 3*(-1576)/(-15)?
3
Let v be (-3 - -2)*-3 - (-3 - -138). Let r = 773 + v. What is the hundreds digit of r?
6
Let q = 95 - 86. Suppose -5*k + 2*k + q = 0. Suppose 0 = -k*o + 4*u + 336, 2*o + 3*o - 560 = -5*u. What is the units digit of o?
2
Let o = 866 + 7671. What is the thousands digit of o?
8
Suppose -2*k - 2*s + 18 = -16, 2*k = -3*s + 39. Suppose h - k*h = -10428. What is the tens digit of h?
4
Let h(o) = -111*o - 1377. What is the ten thousands digit of h(-128)?
1
Let d = 176 + -635. Let u = -176 - d. What is the tens digit of u?
8
Suppose 3*g = 0, 9*v - 13*v = 5*g - 1872. Let t = v + -281. What is the tens digit of t?
8
Suppose 5*t - 2*a + 100217 = 10*t, 4*a + 80196 = 4*t. What is the tens digit of t?
4
Let q be (144/(-12))/(1/(-2) + -1). What is the units digit of ((-26)/q)/((-1)/240*4)?
5
Let s = 253 + -251. Suppose -3456 = -s*p - 6*p. What is the tens digit of p?
3
Suppose -99572 = -3*l + 56584. Suppose -211*g - l = -239*g. What is the tens digit of g?
5
Let c(p) = p**3 - 8*p**2 + 8*p - 7. Suppose 0 = 2*t - t - 7. Let o be c(t). Suppose 5*b - 2*n = -o*b + 1162, 2*n - 476 = -2*b. What is the tens digit of b?
3
Suppose 5*y = -4*l - 455, l + 130 = 2*y - 0*y. Let r be 35*-1*l/28. Suppose -13*z + 16*z - r = 0. What is the tens digit of z?
5
Suppose 0 = -0*g - g - q + 869, 0 = 2*g - 4*q - 1756. Suppose 3*r = -2*f + 272, -3*r = -5*f - 234 + g. What is the units digit of f?
0
Suppose 6*j - o = 7*j + 1, -9 = j - 3*o. What is the units digit of ((-219)/j)/(20/240)?
6
Suppose 5*f - 2 = -7, -5*x - 4*f = -696. Suppose 0 = -32*u + 36*u + x. Let p = -10 - u. What is the tens digit of p?
2
Let u = -47 - -47. Suppose -315 = -b - 4*w - w, 4*w - 12 = u. What is the tens digit of b?
0
Suppose -111*c - 10812 + 241899 = -120006. What is the tens digit of c?
6
Suppose 0 = -2*j + 4, -5*c + 15*j + 86886 = 3*j. What is the hundreds digit of c?
3
Let o = -42 + 260. Suppose -c - c - 1002 = -5*w, -w + o = 4*c. What is the units digit of w?
2
Suppose -2*i + 4*z - 5652 = 0, 5*i - 4705 + 18875 = 2*z. Let k = -1584 - i. What is the hundreds digit of k?
2
Suppose -2*i - 75*r + 42394 = -73*r, -r = -6. What is the units digit of i?
1
What is the tens digit of (-2)/(-7 + 166/12 + -7)?
1
Let f(c) = -3*c**3 + 3*c**2 + 8*c - 1. Let z be f(6). Let p = -16950 + 16743. Let d = p - z. What is the tens digit of d?
8
Let i be 2/4 + 50/4. Suppose i*l - 5600 = 2343. What is the units digit of l?
1
Let t = 31178 - 19040. What is the hundreds digit of t?
1
Suppose 163*r - 61092 = 157*r. What is the hundreds digit of r?
1
Suppose 4*j + 5*k = -37, 41 = -5*j + 3*k + 4. What is the tens digit of (-1 - j)*-1*(-396)/7?
9
Let k be 39/(1/(-2)*-1*3). Suppose -k*c = -27*c + 394. What is the tens digit of c?
9
Suppose -5 = a, -3*n - 65 = -5*n + 3*a. Let z(m) = m**3 - 23*m**2 - 34*m + 55. What is the units digit of z(n)?
5
Let l be 330/35*(-21)/(-3). Let v = l - 66. Suppose v = -2*d - 0*d - 4*p + 216, -5*p = -15. What is the units digit of d?
2
Suppose -76*h + 157*h - 1816155 = -84*h. What is the tens digit of h?
0
Let l be 26/8 + 39/(-156). What is the thousands digit of (3 + -346 + 4)/((-1)/l)?
1
Let y = 385 - 185. Let n be 35516/728 - (-6)/28. Let u = y - n. What is the tens digit of u?
5
Suppose -21 - 14 = -5*k. Suppose 15 = -2*l + 5*h - k, h = -l - 4. Let u = 35 + l. What is the tens digit of u?
2
Let k = 5241 - -4881. What is the thousands digit of k?
0
Suppose -12*p + 20*p - 17720 = 0. Let m = -1271 + p. What is the tens digit of m?
4
What is the hundreds digit of 28305/(-6)*-2 - 4 - (-1 - -7)?
4
Suppose -2308*p - 43863 = -2311*p. What is the hundreds digit of p?
6
Let y = -108 - -534. Suppose -3*s - 27 = y. Let l = s + 304. What is the units digit of l?
3
Suppose 0 = -5*w - 3*m + 1605, 2*m + 355 + 287 = 2*w. Let c = 496 - w. What is the hundreds digit of c?
1
Let s(d) = 123*d**3 + 4*d**2 + 6*d - 17. Let f be s(2). Suppose 0 = 5*h - f - 870. What is the tens digit of h?
7
Let p(x) = 5*x**3 + 5*x**2 + 29*x - 117. Let i be p(4). Let m(y) = y**3 - 6*y**2 - 2*y + 7. Let l be m(-5). Let a = l + i. What is the hundreds digit of a?
1
Suppose 6*c = 5*h + 74112, -37*c + 4*h + 24718 = -35*c. What is the units digit of c?
7
Let b(f) = -3*f**3 - 3*f**2 - 5*f - 5. Let c be b(-1). Suppose -2*z + 18 = -12. Suppose c = z*s - 12*s - 438. What is the hundreds digit of s?
1
Suppose -350*a + 693310 = -309*a. What is the hundreds digit of a?
9
Suppose -106 - 188 = -14*r. Suppose -127 = -j + r. What is the tens digit of j?
4
Let r be (-18)/(-30) - 5/(50/(-4)). Let s be (6 - 4)*r - (-109 - -1). Let h = s + -73. What is the units digit of h?
7
What is the hundreds digit of (-6)/(-12)*(2 + 0 + (66602 - 6))?
2
Suppose -34*p = -56*p - 9460. Let m(v) = -81*v**3 + 4*v**2 - 4*v + 3. Let b be m(2). Let g = p - b. What is the tens digit of g?
0
Suppose 6*p = 26*p - 200. What is the units digit of (-7 - (-864)/p)*5?
7
Let x = -10248 - -18223. What is the hundreds digit of x?
9
Let d(n) = -n**3 - 30*n**2 + 63*n + 84. Let z(v) = -5*v**3 - 150*v**2 + 316*v + 419. Let j(h) = 11*d(h) - 2*z(h). What is the tens digit of j(-32)?
8
Let j = 23 + -20. Suppose -1 = j*o - 3*m + m, 2*o = m - 1. Let x(d) = 41*d**2 + 1. What is the tens digit of x(o)?
4
Let b(v) = 4*v**3 - 2*v**2 - 7*v + 24. Let o be b(4). Let y be (2/(-4))/(3/(-876))*1. Let u = o - y. What is the units digit of u?
4
Let m(a) be the second derivative of 16*a**3/3 + 5*a**2 - 12*a. Let d be m(1). Let i = d - 11. What is the units digit of i?
1
Suppose 0 = 4*a + 4*x + 19248 - 92124, 4*x + 20 = 0. What is the thousands digit of a?
8
What is the hundreds digit of (-260078)/21*((-6)/(-2) + 54/(-12))?
5
Let o(f) = -146*f**3 - 7*f**2 - 27*f + 5. What is the thousands digit of o(-5)?
8
Let q(m) = m**3 + 9*m**2 - 10*m + 10. Let v(i) = i**2 + 9*i - 20. Let c be v(-10). Let a be q(c). Suppose -28 = 3*j - a*j. What is the units digit of j?
4
Suppose 38*h = 1314340 - 563475 + 511077. What is the ten thousands digit of h?
3
Suppose -12*s - 144 = -20*s. Suppose -s*m - 20*m + 51452 = 0. What is the hundreds digit of m?
3
Let b(h) = h**2 - 16*h + 19. Let l be b(15). Suppose -l*g + 1 = -19. Suppose 4*q = g*i - 3, 5*i - 36 = -5*q - 6. What is the units digit of i?
3
Let v(n) = -833*n**3 + 6*n**2 - 3*n + 26. What is the tens digit of v(-3)?
8
Let k be 4*-1 - 85/(-5). Suppose 15 + k = -14*g. What is the units digit of 40 + g/3 + (-4)/(-6)?
0
Suppose -54 = -3*f + 27. Suppose 2*d - 153*x + 146*x - 197 = 0, 5*d - 4*x - 425 = 0. Let p = f + d. What is the tens digit of p?
0
Let u(q) = -43*q - 210. Let x be u(-5). Suppose -5*o + 6037 = -4*k, -3*o - k = -x*k - 3619. What is the tens digit of o?
0
Suppose -1 = -2*c + 9, o + 5*c = 459. Suppose 12*k - o = 1378. What is the tens digit of k?
5
Let s(u) = -u - 7. Let b be s(1